st common divisor of f and m.
40
Suppose 2*j - 3*j + 2 = 0. Suppose 4*g = -5*s + 136, j*g - 4*s = 34 + 34. Let z be 51 - 0 - (3 + -3). What is the greatest common divisor of z and g?
17
Let n be ((-51)/(-4))/((-90)/(-240)). Let p(b) = 26*b - 2. Let k be p(4). What is the highest common divisor of n and k?
34
Suppose -3*f + 948 = -2*n + 6*n, n - 230 = f. Suppose n = -3*g + g. Let b be 2/9 + (-6409)/g. Calculate the greatest common divisor of 5 and b.
5
Let s be 2 + -2 + (1 - -3). Suppose -3*w - 2 = -s*w. Suppose 2*j = 4*l, 16 = 2*j + 2*j. Calculate the highest common divisor of l and w.
2
Suppose -2*s - r = 3*s + 83, s + 23 = 3*r. Let u = s + 19. Let t be -1*u/(-2) - -131. Calculate the greatest common divisor of 12 and t.
12
Let t = 808 + -784. Calculate the highest common factor of 660 and t.
12
Suppose 5*s + 0*s = 10. Let c be (1/s)/((-21)/(-546)). What is the highest common divisor of c and 143?
13
Let h(m) = m**3 + 38*m**2 - 81*m - 18. Let o be h(-40). Let a(g) = -3 + 11*g**2 + 2 + 3*g**2. Let r be a(2). Calculate the greatest common divisor of o and r.
11
Let b(z) = -z + 7*z - 6*z**2 - 2 + 10*z**2. Let o be b(-3). Let x(i) = i**3 - 7*i**2 - 2*i. Let f be x(8). What is the greatest common divisor of o and f?
16
Let a(v) = -v**3 + v + 1. Let t(f) = -6*f**3 + 5*f**2 + 11*f. Let b(u) = -5*a(u) + t(u). Let g be b(5). What is the greatest common factor of g and 5?
5
Let m = -704 - -993. What is the highest common factor of 17 and m?
17
Let o(l) = 2*l**2 + 4*l + 3. Let n be o(-2). Suppose 49*k - 42*k - 42 = 0. Suppose k*d + 7 = 205. Calculate the highest common factor of n and d.
3
Suppose 23*v - 20*v = 243. Suppose -u - 3*u + 3*m = -v, 0 = -4*u + 2*m + 78. Calculate the greatest common factor of 30 and u.
6
Suppose 0*r - 4*r - 24 = 5*h, 5*h = -5*r - 30. Let s be (-670)/25*(1 + r). Let a = s - -26. Calculate the highest common divisor of a and 32.
32
Let h be (-14)/(-329) + (-695)/(-235). Let j be (4/(-2))/(6/(-117)). What is the greatest common factor of h and j?
3
Let d(b) = 2*b**2 - 4*b + 1. Let s be d(3). Let j be (-3794)/(-546) + (-4)/(-78). Calculate the greatest common divisor of s and j.
7
Let u(l) be the second derivative of 4*l**3/3 + 16*l**2 + 10*l. Let c be u(6). What is the highest common factor of 32 and c?
16
Let m be 2/(8/(-36)*(-9)/147). What is the highest common factor of 833 and m?
49
Let d be 2/(-6)*1*(-797 + 170). Calculate the greatest common divisor of d and 19.
19
Suppose -3*d - 3*s + 15 = 0, 4*s - 5 = -d + 6. Suppose -d = -5*h + 2*h. Let q be 19 - (-5 + 2)/h. Calculate the highest common divisor of 198 and q.
22
Let t(h) = -h + 32. Let r(u) = -u + 1. Let a(i) = 5*r(i) - t(i). Let w be a(-17). Calculate the greatest common divisor of w and 41.
41
Suppose -6489 - 650 = -11*f. What is the greatest common factor of f and 33?
11
Let i(t) = 3*t + 4. Let s be i(4). Let n be (-9)/((-81)/(-6)) + (-148)/(-6). Calculate the greatest common divisor of s and n.
8
Let j be ((-92)/184)/(2/(-4)). Suppose -k - 4 = -3*k. What is the greatest common divisor of k and j?
1
Let u = -2 + 11. Let g = 54 + -50. Suppose i = g*j + 27, j - 5*j + 27 = i. Calculate the greatest common factor of u and i.
9
Let m(y) = 2 + 1 + 1 + y - 1. Let p be m(0). Let t be (-5 - p - -3)*-2. What is the greatest common divisor of t and 20?
10
Let j = -922 - -953. Calculate the highest common factor of 1302 and j.
31
Suppose 0 = -m + g + 42 + 4, 2*m - 4*g - 94 = 0. Let b be (-9)/m - 3/(30/(-302)). Calculate the greatest common factor of b and 10.
10
Let o(d) = -3*d - 3. Let b be o(-5). Let t be -2*((-4 - 0) + -2). What is the greatest common factor of t and b?
12
Let s = -38 + 42. Suppose -3*i + 90 = l - s*l, -2*l = -4*i + 120. What is the greatest common factor of i and 12?
6
Suppose -3*r - 94 + 100 = 0. Calculate the highest common factor of r and 5.
1
Let h be 4/14 - 182/(-49). Let w(q) = q**3 + 14*q**2 + 24*q + 4. Let m be w(-12). What is the greatest common divisor of h and m?
4
Suppose 0 = 2*q - 52 - 476. What is the greatest common factor of q and 24?
24
Let i(x) = x**2 - 5*x - 44. Let o be i(-6). Let j = -19 + o. What is the highest common divisor of j and 2?
1
Let n be (-209)/(-19) + 88 + 1. Calculate the highest common divisor of n and 1900.
100
Let h be 145/4 - 1/4. Let p(a) = 2*a**2 - a + 24. Let v be p(0). Calculate the greatest common factor of v and h.
12
Let v = -1063 + 1081. Calculate the greatest common factor of 657 and v.
9
Let g(h) = h**2 + 43*h + 463. Let r be g(-18). Calculate the greatest common divisor of r and 5.
1
Suppose -178*o + 1177 = -71*o. Let w(p) = 45*p - 3. Let f be w(3). Calculate the highest common factor of o and f.
11
Let j(n) = 33*n - 387. Let z be j(23). Calculate the greatest common divisor of z and 155.
31
Suppose 289 = x - b, 5*x = 2*b + 1123 + 337. What is the highest common factor of x and 28?
14
Suppose q = -0*q + 5*m - 11, -4*q - 2 = m. Let x be 0 + 1 + -4 + (46 - q). Let w = -8 - -12. What is the highest common factor of x and w?
4
Let p be (-1 - 0) + 6/1. Suppose -8*c = -p*c - 111. Let j = c - 22. Calculate the greatest common divisor of j and 10.
5
Let o = 6 - -13. Let b = o - -71. What is the highest common divisor of 30 and b?
30
Suppose -i = i - r - 370, 2*i + 4*r - 370 = 0. Let p be 73/((1 - 2)*-1). Let o = i - p. Calculate the highest common divisor of 16 and o.
16
Suppose 2 = -m + 4. Suppose 2*c = -p - m*p + 172, -3*p = -3*c + 228. Suppose 39*t = 631 - 241. What is the highest common factor of c and t?
10
Let d be -4 + (-25)/(-5) + 5. What is the highest common factor of d and 6?
6
Let q be (12/9)/(24/774). What is the greatest common divisor of q and 43?
43
Suppose 0 = 6*c - 0*c - 1506. Suppose 13*q - 152 - c = 0. Calculate the greatest common factor of 279 and q.
31
Suppose 15 = -20*c + 23*c. What is the highest common divisor of 4 and c?
1
Suppose 3*d = 4*d + 13. Let l = d + 45. Suppose -l + 212 = 4*r. What is the highest common divisor of r and 15?
15
Suppose 5*g = 5, -2*g - 2 = 5*z - 4*g. Suppose -j = -y - 11, z*y + 7 = j + 3*y. Suppose 3*c = 23 + 7. What is the greatest common factor of c and j?
10
Let w = 17 + -11. Let t be -50*(1*3 + 54/(-12)). Let l = t - 72. Calculate the greatest common divisor of w and l.
3
Let p(y) = -3*y - 4*y - 9 - y**2 - 2*y. Suppose -4*x + 4*v - 16 = 0, -2*x - 3*v = 2*x + 23. Let c be p(x). Calculate the greatest common divisor of c and 1.
1
Let u be 8/12 + 76/3. Suppose 0 = 6*w - 8*w + u. Let m = w - 11. What is the highest common divisor of 3 and m?
1
Let u(s) = 938*s - 74. Let h be u(1). What is the highest common divisor of h and 64?
32
Let d be 0 - -1 - -2 - -12. Suppose 2*m + m = d. Let f = 69 - 29. Calculate the highest common divisor of f and m.
5
Suppose -90 = -3*t + 60. What is the highest common factor of 550 and t?
50
Let q(h) = h**3 + 8*h**2 + 4*h - 9. Let s be q(-7). Suppose -5 = 2*x + a - 41, -5*a = 3*x - 54. Let g = x - s. Calculate the highest common factor of g and 54.
6
Suppose -c + 97 + 158 = 0. Calculate the highest common factor of c and 102.
51
Let j(u) be the second derivative of u**5/20 - 5*u**4/4 + 5*u**3 - 29*u**2/2 + 15*u. Let b be j(14). What is the highest common divisor of b and 39?
39
Suppose -3*o + 4 + 2 = 0. Let s(x) = x**3 + 2 - 7*x**2 + 6*x + 9*x**2 - 9*x. Let p be s(o). What is the greatest common divisor of 12 and p?
12
Let j(h) = 2*h**2 + 13*h - 17. Let n be j(-12). What is the highest common divisor of n and 207?
23
Let s(f) = 79*f - 447. Let x be s(6). Let u be ((-243)/2)/((-2)/4). What is the highest common factor of x and u?
27
Let n(f) = f**3 + 5*f**2 + 6*f. Let k be n(-5). Let y = 88 + k. Calculate the highest common divisor of y and 87.
29
Let q = -1897 + 1899. Let x be 6 + (-1)/(1 - 0). Calculate the highest common factor of q and x.
1
Suppose 2*q = -2*q - 564. Let o be q/6*-2 - 3. Suppose 0 = -a - x + 70, 310 = 5*a - 8*x + 3*x. Calculate the greatest common divisor of o and a.
22
Let a(n) = -n**3 + 11*n**2 + 4*n + 10. Let f be a(13). Let m be f/8*(-24)/9. What is the greatest common factor of m and 23?
23
Suppose 2639 + 612 - 371 = 180*c. Let s be (-385)/(-2) + (-1)/2. What is the greatest common factor of c and s?
16
Let x be 13/(-39) - 3027/(-9). Calculate the greatest common factor of x and 42.
42
Suppose -16*m = -10*m - 